 Calculate a(h).
4
Let a(q) = 8*q - 1. Suppose 0 = -2*d - 0*d + 50. Let x(c) = 47 - 45 - d*c + 10*c. Let k(h) = -11*a(h) - 6*x(h). Calculate k(-3).
-7
Let n be 4/(-20)*-5 + (-12)/(-3). Let t(a) = -a + 0*a - 2*a + 4*a. Calculate t(n).
5
Let l = -3 + 7. Suppose l*o - 2 - 1 = 3*h, o = -2*h + 9. Let s(k) = -k**3 + 4 + k**2 + 6*k - 11*k - o*k**2 + 5*k**2. Determine s(3).
-11
Let a(n) be the second derivative of -n**4/12 + 2*n**3/3 + 2*n - 2. Calculate a(6).
-12
Let b(d) = -d + 2. Suppose i + 20 = 6*i. Suppose 8 = -5*o - 7, -5*t - i*o = -18. Suppose 0 = -t*r + r - 20. Determine b(r).
6
Let m(t) = -2*t**2 + 10*t + 2. Suppose -7*f + 56 = -0. Calculate m(f).
-46
Let i be -1 + 1 - (-9 + 6). Suppose -i*z + 18 - 39 = 0. Let o(t) = t**2 + 6*t - 5. What is o(z)?
2
Suppose 4*h + 4*a = 28, -4*a - 1 = h - 17. Let k be 1 - (-1 - h/(-4)). Let p(u) = -k - u + 3 + 2. What is p(5)?
-1
Let h(i) = -15*i**2 + 11*i**2 - 8*i + 5*i**2 + 4. What is h(7)?
-3
Suppose -5 = -2*z - h, 0*z + 9 = 3*z + h. Let u(b) = b - 6. Let y be u(z). Let x(w) = -w**2. Calculate x(y).
-4
Let g(i) = 6851*i - 6851*i - 2 + 7*i**2 - i**3 + 6*i**2. Let s(j) = j**3 - 5*j**2 - 4*j + 1. Let v be s(6). Determine g(v).
-2
Suppose -5*z = 3*y + 19, 26*z - 20 = 30*z. Let b(h) = 4*h**2 - h + 1. What is b(y)?
15
Let a(i) be the third derivative of 2*i**2 + 0 + 0*i**3 + 0*i + 1/12*i**4 + 1/120*i**6 + 1/20*i**5. What is a(-3)?
-6
Suppose -42*i = -43*i + 2. Let b(x) = 2*x**2 + 3*x + 4. Let w(u) = -u**2 - 2*u - 3. Let f(k) = i*b(k) + 3*w(k). Determine f(-2).
3
Let n be (-1 + -2)/(-1)*6/18. Let o(g) = -10*g + 2. What is o(n)?
-8
Let j(i) = i + 2. Let b be (-65)/9 + (5 - 258/54). Let g(m) = -2*m - 2*m - 9 + 3*m. Let y be g(b). Determine j(y).
0
Let w(u) = 1723 - 12*u**3 - 855 - 866 - 2*u**2. Give w(1).
-12
Let c(d) = -d + 23. Let m(f) = -f**3 + 8*f**2 - 5*f - 12. Let l be m(3). Calculate c(l).
5
Let u(k) = -5*k - 13. Let v be u(-3). Let l(q) = 2*q - 3 + 5 - 2 - v. Calculate l(-3).
-8
Let n(g) = 3*g + 19. Let t(f) = -f - 9. Let h(m) = 3*n(m) + 7*t(m). Let y(k) = -87*k + 2344. Let j be y(27). Determine h(j).
-16
Let t(i) = -i**3 - 5*i**2 - 3*i - 6. Suppose -3*a - 1 = z + 3, 3*z = -4*a + 3. Let n be (-50)/(-5) - (a - -1). Suppose 11*o = n*o + 5. Give t(o).
9
Let s = 218 + -221. Let m(j) = 4*j + 4. Determine m(s).
-8
Suppose 0 = -7*y - 20 - 1. Let r(f) = -3*f + 2*f - 1 + 6 + 2*f. Calculate r(y).
2
Suppose 35 - 7 = 7*u. Let l(s) = 2*s**3 - 8*s**2 - 5*s + 14. What is l(u)?
-6
Let g(y) be the first derivative of -y**3/3 + y**2/2 + 22*y - 757. Calculate g(-3).
10
Let o(s) be the second derivative of -1/6*s**3 - 1/60*s**5 + 0 + 2*s**2 + 0*s**4 + 5*s. Let f(b) be the first derivative of o(b). Calculate f(2).
-5
Let b(a) = -a**3 - 4*a**2 + 4*a - 2. Let p be b(-5). Let c(o) be the first derivative of 5*o**2/2 + 3*o + 10. Give c(p).
18
Let l(k) = 36*k - 19*k - k**2 - 7 - 22*k. What is l(-6)?
-13
Let q be (0 - -1) + 0 + -5 + 5. Let f(y) = -344*y + q + 6 + 342*y - 4. Calculate f(9).
-15
Let s(l) = 114*l**2 - 45*l. Let a(n) = -43*n**2 + 17*n. Let t(w) = 21*a(w) + 8*s(w). Let u be 4/(-10) - 12/(-5). What is t(u)?
30
Let a = 176 + -186. Let o(j) = j**3 + 12*j**2 + 19*j - 15. Let l be o(a). Let i(u) = -1. Let c(g) = -2*g + 5. Let m(t) = c(t) + 3*i(t). Determine m(l).
12
Let o(n) be the second derivative of 2*n**4/3 - n**3/6 + 36*n. Determine o(1).
7
Suppose 45 = -12*a + 7*a. Let j(p) = -p**3 - 9*p**2 + 4*p - 9. Give j(a).
-45
Let y = 11 + -5. Let i = y + -12. Let b(r) = 8*r + 0*r - r**3 + 6 - 7*r**2 - 13*r. What is b(i)?
0
Suppose 0 = -3*l + 15, -2575 = -5*m + l + 3*l. Let o(g) = -4*g + g**3 + 1 - 524*g**2 + 7 - g + m*g**2. Give o(6).
14
Let o = 1198 + -1198. Let g(t) be the first derivative of 0*t + o*t**3 - 8 + 3/2*t**4 + 0*t**2. Determine g(-1).
-6
Let o(z) = z - 5. Let x(k) = -k + 6. Let s(t) = -6*o(t) - 5*x(t). Calculate s(4).
-4
Let v(r) = 2*r**2 - r. Let a = 5 - 12. Let o(i) = 6*i**2 - 2*i - 1. Let f(m) = a*v(m) + 2*o(m). What is f(2)?
-4
Let h(z) = 2*z**3 + 8*z**2 - 25*z - 86. Let g be h(-3). Let a(t) = -3*t + t - t + 5 + 2*t. Calculate a(g).
-2
Let k(n) be the second derivative of -n**5/4 + n**4/6 - n**3/3 + n**2 - 213*n. Give k(2).
-34
Let y(h) = 6*h**2 - 190*h - 4 + 96*h + h**3 + 98*h. Give y(-5).
1
Let n(x) = x**3 - 2*x**2 - 39*x + 116. Let o be n(3). Let z(s) = -s**3 + 8*s**2 - 4*s - 5. Determine z(o).
-37
Let y be (-1)/(-2) - 26/(-4). Let t(u) = -10 + 77*u + 13 - 78*u. Give t(y).
-4
Let q(s) = -s. Let u(y) = 8*y**2 + 4*y - 7. Let w(p) = -7*p**2 - 3*p + 7. Let h(o) = 6*u(o) + 7*w(o). Let j be h(-2). What is q(j)?
3
Let l(g) be the first derivative of g**3/3 - 2*g**2 + g - 160. Let u = 3 - 4. Let d(j) = -j + 1. Let y(p) = u*l(p) + 6*d(p). What is y(-5)?
-10
Let n(m) = 95*m + m**2 - 5 - 2*m**2 - 98*m. Calculate n(6).
-59
Let x(k) = -9*k**3 + 10*k**3 + 14*k**2 + 3*k - 22*k**2 + 10*k + 10 - 5*k. Give x(7).
17
Let h = 15 - 44/3. Let x(z) be the third derivative of z**2 + 0 - h*z**3 + 1/12*z**4 + 0*z. Determine x(3).
4
Suppose 10 - 45 = 7*n. Let u(g) = 6*g - 10. Calculate u(n).
-40
Let s = 9183 - 9176. Let t(q) be the third derivative of -q**4/12 + q**3/3 + q**2. Calculate t(s).
-12
Let z(h) be the third derivative of 0*h + h**3 + 1/12*h**5 + 1/120*h**6 - 15*h**2 + 0 + 5/24*h**4. What is z(-4)?
2
Let p(r) be the third derivative of -r**4/24 - r**3/3 - 408*r**2. What is p(-5)?
3
Let a(u) = -3*u - 1. Let f(x) = 14*x + 7. Let v(g) = 5*a(g) + f(g). Calculate v(-5).
7
Let r(j) = -3 + 0*j - 4*j + 1. Let u be 2872/(-20) + 6/(-15). Let i = 141 + u. Determine r(i).
10
Suppose -4 = -v - 3. Let b(s) = 5*s**3 - 3*s**2 - 4. Let z(l) = l**2 + 1. Let p = 117 + -118. Let m(k) = p*b(k) - 4*z(k). Give m(v).
-6
Suppose 2*s - 1 = 3. Let v(l) be the first derivative of -7 - l**3 + s*l + 1/2*l**2. Determine v(2).
-8
Let t(r) = -2*r - 1 + 1 - 1 - r**2 + 4. Suppose 2*k = -3*x + 4, 3*k - 3*x - 8 = -k. Suppose -5 = -f + k*f. Determine t(f).
-12
Suppose -26 = -2*l - 26. Let h(x) = -4*x - 5. What is h(l)?
-5
Let i(l) = -l + 4*l**2 - 558 + 0*l**2 + 279 - l**3 + 283. Give i(3).
10
Let j = 158 + -164. Let f(i) = 2*i - 7. Calculate f(j).
-19
Let d(s) be the third derivative of -s**5/60 - 7*s**4/24 + s**3/3 - 3*s**2. Let x be (-10)/55 + (-1060)/220. Determine d(x).
12
Let m(c) = -c**3 - 6*c**2 + 18. Let b be m(-5). Let z(u) = u**3 + 13*u - 6*u + 4 + 0*u**3 + 8*u**2. Calculate z(b).
4
Let y(g) be the first derivative of -5*g**2/2 - 3*g + 4. Let u(i) = -2 + 12 - 38*i + 52*i. Let p(s) = 4*u(s) + 11*y(s). Calculate p(-5).
2
Let t(c) = c - 18. Let a be t(7). Let u = 8 + a. Let b(m) = -m**2 - 8*m - 2. Calculate b(u).
13
Let z(j) = 2*j**3 - 6*j**2 + 11*j - 15. Let m(v) = v**3 - 3*v**2 + 6*v - 8. Let q(i) = 7*m(i) - 4*z(i). What is q(3)?
-2
Let x be 4 + 40/(6 - 2). Suppose -8 = x*y - 10*y. Let l(c) be the third derivative of -c**5/30 - c**4/12 + c**3/6 - 2*c**2. What is l(y)?
-3
Let h(v) be the first derivative of -v**4/12 + v**3/3 - 5*v**2/2 - 2. Let n(m) be the second derivative of h(m). Let u be 58/(-18) + (-4)/(-18). What is n(u)?
8
Let m = -1 + 1. Suppose m*v - 5 = 4*v + 5*p, 0 = 4*v - p - 25. Let n(o) = o**3 - 6*o**2 + 6*o - 7. Give n(v).
-2
Let w(d) = 4*d + 3. Let x be -7 + (6 - 7) + 5. What is w(x)?
-9
Let l = 6 - 4. Suppose -l*h = -2*d + 8, h = 3*h - 4*d. Let w(n) = n**2 + 8*n - 1. Give w(h).
-1
Let h(z) = -z**2 + 8*z**2 - 1278 - 3*z + 7*z - z**3 + 1273. What is h(7)?
23
Let l = 1 + -1. Let g(b) be the first derivative of -b**5/60 + b**3 + b**2 + 13*b + 65. Let x(i) be the second derivative of g(i). What is x(l)?
6
Let i(x) = -x - 3. Suppose -b = -0*b + 22. Suppose -3*n = -0*k - 3*k - 75, 0 = -3*k + 2*n - 72. Let q = k - b. Give i(q).
-3
Suppose -3*n + 17 + 1 = 0. Let s(x) = -4*x**2 - 16*x + 4. Let y(j) = j**2 + 7*j + 1. Let b(d) = -s(d) - 3*y(d). Give b(n).
-1
Let k(c) = c**3 + 6*c**2 + 6*c + 5. Let v(d) = -d**2 + 20*d - 90. Let x be v(6). What is k(x)?
-31
Let i = 5 + -5. Let h = i - -4. Let c(q) = 0*q + 6 - 8*q - 133*q**2 + 134*q**2. Give c(h).
-10
Let w(z) = 9*z + 5. Let p = -668 - -664. Determine w(p).
-31
Let k(o) be the second derivative of -o**4/12 + o**3/6 - o**2/2 - 5*o. Let x(d) = 2*d**2 - 3*d + 1. Let g(h) = -5*k(h) - 3*x(h). Give g(3).
5
Let l(h) be the first derivative of -h**4/4 + 8*h**3/3 - 6*h**2 - 2*h + 69. Determine l(6).
-2
Let f(r